{"id":38,"date":"2022-06-04T03:29:45","date_gmt":"2022-06-04T03:29:45","guid":{"rendered":"http:\/\/source.wpopal.com\/kitchor\/?page_id=38"},"modified":"2025-01-21T11:57:42","modified_gmt":"2025-01-21T15:57:42","slug":"gallery-version-01","status":"publish","type":"page","link":"https:\/\/bloneca.com\/index.php\/gallery-version-01\/","title":{"rendered":"Ventajas"},"content":{"rendered":"\t\t<div data-elementor-type=\"wp-page\" data-elementor-id=\"38\" class=\"elementor elementor-38\">\n\t\t\t\t\t\t<div class=\"elementor-section elementor-top-section elementor-element elementor-element-6613603 elementor-section-stretched elementor-section-boxed elementor-section-height-default elementor-section-height-default\" data-id=\"6613603\" data-element_type=\"section\" data-e-type=\"section\" data-settings=\"{&quot;stretch_section&quot;:&quot;section-stretched&quot;}\">\n\t\t\t\t\t\t<div class=\"elementor-container elementor-column-gap-no\">\n\t\t\t\t\t<div class=\"elementor-column elementor-col-100 elementor-top-column elementor-element elementor-element-2ea83a4\" data-id=\"2ea83a4\" data-element_type=\"column\" data-e-type=\"column\">\n\t\t\t<div class=\"elementor-widget-wrap elementor-element-populated\">\n\t\t\t\t\t\t<div class=\"elementor-element elementor-element-28c9ed9 elementor-mobile-align-center elementor-align-center elementor-tablet-align-center elementor-widget elementor-widget-button\" data-id=\"28c9ed9\" data-element_type=\"widget\" data-e-type=\"widget\" data-widget_type=\"button.default\">\n\t\t\t\t\t\t\t\t\t\t<a class=\"elementor-button elementor-button-link elementor-size-sm\" href=\"http:\/\/source.wpopal.com\/kitchor\/kitchens\/\">\n\t\t\t\t\t\t<span class=\"elementor-button-content-wrapper\">\n\t\t\t\t\t\t<span class=\"elementor-button-icon\">\n\t\t\t\t<i aria-hidden=\"true\" class=\"kitchor-icon- kitchor-icon-long-arrow-right\"><\/i>\t\t\t<\/span>\n\t\t\t\t\t\t\t\t\t<span class=\"elementor-button-text\">SHOW MORE<\/span>\n\t\t\t\t\t<\/span>\n\t\t\t\t\t<\/a>\n\t\t\t\t\t\t\t\t<\/div>\n\t\t\t\t\t<\/div>\n\t\t<\/div>\n\t\t\t\t\t<\/div>\n\t\t<\/div>\n\t\t\t\t<section class=\"elementor-section elementor-top-section elementor-element elementor-element-23891ca elementor-section-boxed elementor-section-height-default elementor-section-height-default\" data-id=\"23891ca\" data-element_type=\"section\" data-e-type=\"section\">\n\t\t\t\t\t\t<div class=\"elementor-container elementor-column-gap-default\">\n\t\t\t\t\t<div class=\"elementor-column elementor-col-100 elementor-top-column elementor-element elementor-element-8e85189\" data-id=\"8e85189\" data-element_type=\"column\" data-e-type=\"column\">\n\t\t\t<div class=\"elementor-widget-wrap elementor-element-populated\">\n\t\t\t\t\t\t<div class=\"elementor-element elementor-element-e939823 elementor-widget elementor-widget-heading\" data-id=\"e939823\" data-element_type=\"widget\" data-e-type=\"widget\" data-widget_type=\"heading.default\">\n\t\t\t\t\t<h2 class=\"elementor-heading-title elementor-size-default\">Porque usar Adoquines frente a otros revestimientos?<\/h2>\t\t\t\t<\/div>\n\t\t\t\t\t<\/div>\n\t\t<\/div>\n\t\t\t\t\t<\/div>\n\t\t<\/section>\n\t\t\t\t<section class=\"elementor-section elementor-top-section elementor-element elementor-element-157f270 elementor-section-boxed elementor-section-height-default elementor-section-height-default\" data-id=\"157f270\" data-element_type=\"section\" data-e-type=\"section\">\n\t\t\t\t\t\t<div class=\"elementor-container elementor-column-gap-default\">\n\t\t\t\t\t<div class=\"elementor-column elementor-col-100 elementor-top-column elementor-element elementor-element-9c946b7\" data-id=\"9c946b7\" data-element_type=\"column\" data-e-type=\"column\">\n\t\t\t<div class=\"elementor-widget-wrap\">\n\t\t\t\t\t\t\t<\/div>\n\t\t<\/div>\n\t\t\t\t\t<\/div>\n\t\t<\/section>\n\t\t\t\t<section class=\"elementor-section elementor-top-section elementor-element elementor-element-0b17469 elementor-section-boxed elementor-section-height-default elementor-section-height-default\" data-id=\"0b17469\" data-element_type=\"section\" data-e-type=\"section\">\n\t\t\t\t\t\t<div class=\"elementor-container elementor-column-gap-default\">\n\t\t\t\t\t<div class=\"elementor-column elementor-col-100 elementor-top-column elementor-element elementor-element-b05d1dc\" data-id=\"b05d1dc\" data-element_type=\"column\" data-e-type=\"column\">\n\t\t\t<div class=\"elementor-widget-wrap elementor-element-populated\">\n\t\t\t\t\t\t<div class=\"elementor-element elementor-element-43d8eb8 elementor-widget elementor-widget-image\" data-id=\"43d8eb8\" data-element_type=\"widget\" data-e-type=\"widget\" data-widget_type=\"image.default\">\n\t\t\t\t\t\t\t\t\t\t\t\t\t\t\t<img decoding=\"async\" src=\"https:\/\/bloneca.com\/wp-content\/plugins\/elementor\/assets\/images\/placeholder.png\" title=\"\" alt=\"\" loading=\"lazy\" \/>\t\t\t\t\t\t\t\t\t\t\t\t\t\t\t<\/div>\n\t\t\t\t\t<\/div>\n\t\t<\/div>\n\t\t\t\t\t<\/div>\n\t\t<\/section>\n\t\t\t\t<section class=\"elementor-section elementor-top-section elementor-element elementor-element-22dc25b elementor-section-boxed elementor-section-height-default elementor-section-height-default\" data-id=\"22dc25b\" data-element_type=\"section\" data-e-type=\"section\">\n\t\t\t\t\t\t<div class=\"elementor-container elementor-column-gap-default\">\n\t\t\t\t\t<div class=\"elementor-column elementor-col-100 elementor-top-column elementor-element elementor-element-5c4d272\" data-id=\"5c4d272\" data-element_type=\"column\" data-e-type=\"column\">\n\t\t\t<div class=\"elementor-widget-wrap elementor-element-populated\">\n\t\t\t\t\t\t<div class=\"elementor-element elementor-element-c340c12 elementor-widget elementor-widget-image\" data-id=\"c340c12\" data-element_type=\"widget\" data-e-type=\"widget\" data-widget_type=\"image.default\">\n\t\t\t\t\t\t\t\t\t\t\t\t\t\t\t<img decoding=\"async\" src=\"https:\/\/bloneca.com\/wp-content\/plugins\/elementor\/assets\/images\/placeholder.png\" title=\"\" alt=\"\" loading=\"lazy\" \/>\t\t\t\t\t\t\t\t\t\t\t\t\t\t\t<\/div>\n\t\t\t\t\t<\/div>\n\t\t<\/div>\n\t\t\t\t\t<\/div>\n\t\t<\/section>\n\t\t\t\t<section class=\"elementor-section elementor-top-section elementor-element elementor-element-064641e elementor-section-boxed elementor-section-height-default elementor-section-height-default\" data-id=\"064641e\" data-element_type=\"section\" data-e-type=\"section\">\n\t\t\t\t\t\t<div class=\"elementor-container elementor-column-gap-default\">\n\t\t\t\t\t<div class=\"elementor-column elementor-col-100 elementor-top-column elementor-element elementor-element-613cc3f\" data-id=\"613cc3f\" data-element_type=\"column\" data-e-type=\"column\">\n\t\t\t<div class=\"elementor-widget-wrap elementor-element-populated\">\n\t\t\t\t\t\t<div class=\"elementor-element elementor-element-d8cd06c elementor-absolute elementor-widget elementor-widget-heading\" data-id=\"d8cd06c\" data-element_type=\"widget\" data-e-type=\"widget\" data-settings=\"{&quot;_position&quot;:&quot;absolute&quot;}\" data-widget_type=\"heading.default\">\n\t\t\t\t\t<h2 class=\"elementor-heading-title elementor-size-default\">Porque usar Adoquines ante otros revestimientos?<\/h2>\t\t\t\t<\/div>\n\t\t\t\t\t<\/div>\n\t\t<\/div>\n\t\t\t\t\t<\/div>\n\t\t<\/section>\n\t\t\t\t<section class=\"elementor-section elementor-top-section elementor-element elementor-element-b0d6416 elementor-section-boxed elementor-section-height-default elementor-section-height-default\" data-id=\"b0d6416\" data-element_type=\"section\" data-e-type=\"section\">\n\t\t\t\t\t\t<div class=\"elementor-container elementor-column-gap-default\">\n\t\t\t\t\t<div class=\"elementor-column elementor-col-100 elementor-top-column elementor-element elementor-element-c56c855\" data-id=\"c56c855\" data-element_type=\"column\" data-e-type=\"column\">\n\t\t\t<div class=\"elementor-widget-wrap elementor-element-populated\">\n\t\t\t\t\t\t<div class=\"elementor-element elementor-element-ebc7eb2 elementor-absolute animated-slow elementor-invisible elementor-widget elementor-widget-text-editor\" data-id=\"ebc7eb2\" data-element_type=\"widget\" data-e-type=\"widget\" data-settings=\"{&quot;_position&quot;:&quot;absolute&quot;,&quot;_animation&quot;:&quot;fadeInRight&quot;}\" data-widget_type=\"text-editor.default\">\n\t\t\t\t\t\t\t\t\t<h5><span style=\"color: #ffffff;\"><span style=\"color: #ffcc99;\"><strong>Durabilidad<\/strong>:<\/span> Los adoquines son extremadamente duraderos y pueden resistir cargas pesadas, lo que los hace ideal \u00a0para calles y zonas de alto tr\u00e1nsito. Bloneca\u00a0 ofrece garant\u00eda en todos sus productos para que trabajes tranquilo!<\/span><\/h5>\t\t\t\t\t\t\t\t<\/div>\n\t\t\t\t<div class=\"elementor-element elementor-element-ac20c2f elementor-absolute animated-slow elementor-invisible elementor-widget elementor-widget-text-editor\" data-id=\"ac20c2f\" data-element_type=\"widget\" data-e-type=\"widget\" data-settings=\"{&quot;_position&quot;:&quot;absolute&quot;,&quot;_animation&quot;:&quot;fadeInRight&quot;,&quot;_animation_delay&quot;:0}\" data-widget_type=\"text-editor.default\">\n\t\t\t\t\t\t\t\t\t<h5><span style=\"color: #ffffff;\"><span style=\"color: #ffcc00;\"><strong>Mantenimiento sencillo<\/strong>: <span style=\"color: #ffffff;\">En caso da\u00f1o, los adoquines se pueden reemplazar individualmente sin necesidad de rehacer la superficie lo que facilita su mantenimiento.<\/span><\/span><\/span><\/h5>\t\t\t\t\t\t\t\t<\/div>\n\t\t\t\t<div class=\"elementor-element elementor-element-f05b773 elementor-absolute animated-slow elementor-invisible elementor-widget elementor-widget-text-editor\" data-id=\"f05b773\" data-element_type=\"widget\" data-e-type=\"widget\" data-settings=\"{&quot;_position&quot;:&quot;absolute&quot;,&quot;_animation&quot;:&quot;fadeInRight&quot;,&quot;_animation_delay&quot;:1}\" data-widget_type=\"text-editor.default\">\n\t\t\t\t\t\t\t\t\t<h5><span style=\"color: #3366ff;\"><strong>Drenaje eficiente<\/strong>:<\/span> <span style=\"color: #ffffff;\">Muchos de adoquines permiten un drenaje del agua a trav\u00e9s de sus juntas o a su dise\u00f1o permeable, ayudando a evitar inundaciones y acumulaci\u00f3n de agua en la superficie.<\/span><\/h5>\t\t\t\t\t\t\t\t<\/div>\n\t\t\t\t<div class=\"elementor-element elementor-element-6cabcbc elementor-absolute animated-slow elementor-invisible elementor-widget elementor-widget-text-editor\" data-id=\"6cabcbc\" data-element_type=\"widget\" data-e-type=\"widget\" data-settings=\"{&quot;_position&quot;:&quot;absolute&quot;,&quot;_animation&quot;:&quot;fadeInRight&quot;,&quot;_animation_delay&quot;:0}\" data-widget_type=\"text-editor.default\">\n\t\t\t\t\t\t\t\t\t<h5><span style=\"color: #008000;\"><strong>Resistencia a condiciones clim\u00e1ticas<\/strong>:<\/span><span style=\"color: #ffffff;\"> Son menos susceptibles al agrietamiento debido a cambios bruscos en temperatura\u00a0 comparados con otros materiales como el asfalto o el hormig\u00f3n.<\/span><\/h5>\t\t\t\t\t\t\t\t<\/div>\n\t\t\t\t<div class=\"elementor-element elementor-element-4beb15d elementor-absolute animated-slow elementor-invisible elementor-widget elementor-widget-text-editor\" data-id=\"4beb15d\" data-element_type=\"widget\" data-e-type=\"widget\" data-settings=\"{&quot;_position&quot;:&quot;absolute&quot;,&quot;_animation&quot;:&quot;fadeInRight&quot;,&quot;_animation_delay&quot;:0}\" data-widget_type=\"text-editor.default\">\n\t\t\t\t\t\t\t\t\t<h5><span style=\"color: #ff0000;\"><strong>Antideslizantes<\/strong>: <\/span><span style=\"color: #ffffff;\">La textura superficial de muchos adoquines proporciona un buen agarre, reduciendo el riesgo de resbalones incluso bajo h\u00famedas circunstancias.<\/span><\/h5>\t\t\t\t\t\t\t\t<\/div>\n\t\t\t\t<div class=\"elementor-element elementor-element-921e3c7 elementor-absolute animated-slow elementor-invisible elementor-widget elementor-widget-text-editor\" data-id=\"921e3c7\" data-element_type=\"widget\" data-e-type=\"widget\" data-settings=\"{&quot;_position&quot;:&quot;absolute&quot;,&quot;_animation&quot;:&quot;fadeInRight&quot;,&quot;_animation_delay&quot;:0}\" data-widget_type=\"text-editor.default\">\n\t\t\t\t\t\t\t\t\t<h5><span style=\"color: #cc99ff;\"><strong>Flexibilidad dise\u00f1o e instalaci\u00f3n<\/strong>:<\/span> <span style=\"color: #ffffff;\">Se pueden colocar diferentes estaciones seg\u00fan las necesidades del proyecto, lo que permite una gran creatividad arquitect\u00f3nica y funcional seg\u00fan cada espacio espec\u00edfico.<\/span><\/h5>\t\t\t\t\t\t\t\t<\/div>\n\t\t\t\t<div class=\"elementor-element elementor-element-53d77e1 elementor-absolute animated-slow e-transform elementor-invisible elementor-widget elementor-widget-text-editor\" data-id=\"53d77e1\" data-element_type=\"widget\" data-e-type=\"widget\" data-settings=\"{&quot;_position&quot;:&quot;absolute&quot;,&quot;_animation&quot;:&quot;fadeInUp&quot;,&quot;_transform_scaleX_effect&quot;:{&quot;unit&quot;:&quot;px&quot;,&quot;size&quot;:1,&quot;sizes&quot;:[]},&quot;_transform_scaleX_effect_laptop&quot;:{&quot;unit&quot;:&quot;px&quot;,&quot;size&quot;:&quot;&quot;,&quot;sizes&quot;:[]},&quot;_transform_scaleX_effect_tablet_extra&quot;:{&quot;unit&quot;:&quot;px&quot;,&quot;size&quot;:&quot;&quot;,&quot;sizes&quot;:[]},&quot;_transform_scaleX_effect_tablet&quot;:{&quot;unit&quot;:&quot;px&quot;,&quot;size&quot;:&quot;&quot;,&quot;sizes&quot;:[]},&quot;_transform_scaleX_effect_mobile_extra&quot;:{&quot;unit&quot;:&quot;px&quot;,&quot;size&quot;:&quot;&quot;,&quot;sizes&quot;:[]},&quot;_transform_scaleX_effect_mobile&quot;:{&quot;unit&quot;:&quot;px&quot;,&quot;size&quot;:&quot;&quot;,&quot;sizes&quot;:[]},&quot;_transform_scaleY_effect&quot;:{&quot;unit&quot;:&quot;px&quot;,&quot;size&quot;:&quot;&quot;,&quot;sizes&quot;:[]},&quot;_transform_scaleY_effect_laptop&quot;:{&quot;unit&quot;:&quot;px&quot;,&quot;size&quot;:&quot;&quot;,&quot;sizes&quot;:[]},&quot;_transform_scaleY_effect_tablet_extra&quot;:{&quot;unit&quot;:&quot;px&quot;,&quot;size&quot;:&quot;&quot;,&quot;sizes&quot;:[]},&quot;_transform_scaleY_effect_tablet&quot;:{&quot;unit&quot;:&quot;px&quot;,&quot;size&quot;:&quot;&quot;,&quot;sizes&quot;:[]},&quot;_transform_scaleY_effect_mobile_extra&quot;:{&quot;unit&quot;:&quot;px&quot;,&quot;size&quot;:&quot;&quot;,&quot;sizes&quot;:[]},&quot;_transform_scaleY_effect_mobile&quot;:{&quot;unit&quot;:&quot;px&quot;,&quot;size&quot;:&quot;&quot;,&quot;sizes&quot;:[]}}\" data-widget_type=\"text-editor.default\">\n\t\t\t\t\t\t\t\t\t<h3><span style=\"color: #ffffff;\"> \u201cEs<em>tas ventajas hacen los adoquines sean una opci\u00f3n popular para proyectos p\u00fablicos como privados donde se busca, durabilidad y funcionalidad\u201d<\/em><\/span><\/h3>\t\t\t\t\t\t\t\t<\/div>\n\t\t\t\t\t<\/div>\n\t\t<\/div>\n\t\t\t\t\t<\/div>\n\t\t<\/section>\n\t\t\t\t<\/div>\n\t\t","protected":false},"excerpt":{"rendered":"<p>SHOW MORE Porque usar Adoquines frente a otros revestimientos? Porque usar Adoquines ante otros revestimientos? Durabilidad: Los adoquines son extremadamente duraderos y pueden resistir cargas pesadas, lo que los hace ideal \u00a0para calles y zonas de alto tr\u00e1nsito. Bloneca\u00a0 ofrece garant\u00eda en todos sus productos para que trabajes tranquilo! Mantenimiento sencillo: En caso da\u00f1o, los [&hellip;]<\/p>\n","protected":false},"author":1,"featured_media":0,"parent":0,"menu_order":0,"comment_status":"closed","ping_status":"closed","template":"template-homepage.php","meta":{"inline_featured_image":false,"footnotes":""},"class_list":["post-38","page","type-page","status-publish","hentry"],"yoast_head":"<!-- This site is optimized with the Yoast SEO plugin v27.4 - https:\/\/yoast.com\/product\/yoast-seo-wordpress\/ -->\n<title>Ventajas - Bloneca<\/title>\n<meta name=\"robots\" content=\"index, follow, max-snippet:-1, max-image-preview:large, max-video-preview:-1\" \/>\n<link rel=\"canonical\" href=\"https:\/\/bloneca.com\/index.php\/gallery-version-01\/\" \/>\n<meta property=\"og:locale\" content=\"es_ES\" \/>\n<meta property=\"og:type\" content=\"article\" \/>\n<meta property=\"og:title\" content=\"Ventajas - Bloneca\" \/>\n<meta property=\"og:description\" content=\"SHOW MORE Porque usar Adoquines frente a otros revestimientos? Porque usar Adoquines ante otros revestimientos? Durabilidad: Los adoquines son extremadamente duraderos y pueden resistir cargas pesadas, lo que los hace ideal \u00a0para calles y zonas de alto tr\u00e1nsito. Bloneca\u00a0 ofrece garant\u00eda en todos sus productos para que trabajes tranquilo! Mantenimiento sencillo: En caso da\u00f1o, los [&hellip;]\" \/>\n<meta property=\"og:url\" content=\"https:\/\/bloneca.com\/index.php\/gallery-version-01\/\" \/>\n<meta property=\"og:site_name\" content=\"Bloneca\" \/>\n<meta property=\"article:modified_time\" content=\"2025-01-21T15:57:42+00:00\" \/>\n<meta property=\"og:image\" content=\"https:\/\/bloneca.com\/wp-content\/plugins\/elementor\/assets\/images\/placeholder.png\" \/>\n<meta name=\"twitter:card\" content=\"summary_large_image\" \/>\n<meta name=\"twitter:label1\" content=\"Tiempo estimado de lectura\" \/>\n\t<meta name=\"twitter:data1\" content=\"2 minutos\" \/>\n<script type=\"application\/ld+json\" class=\"yoast-schema-graph\">{\"@context\":\"https:\\\/\\\/schema.org\",\"@graph\":[{\"@type\":\"WebPage\",\"@id\":\"https:\\\/\\\/bloneca.com\\\/index.php\\\/gallery-version-01\\\/\",\"url\":\"https:\\\/\\\/bloneca.com\\\/index.php\\\/gallery-version-01\\\/\",\"name\":\"Ventajas - Bloneca\",\"isPartOf\":{\"@id\":\"https:\\\/\\\/bloneca.com\\\/#website\"},\"primaryImageOfPage\":{\"@id\":\"https:\\\/\\\/bloneca.com\\\/index.php\\\/gallery-version-01\\\/#primaryimage\"},\"image\":{\"@id\":\"https:\\\/\\\/bloneca.com\\\/index.php\\\/gallery-version-01\\\/#primaryimage\"},\"thumbnailUrl\":\"https:\\\/\\\/bloneca.com\\\/wp-content\\\/plugins\\\/elementor\\\/assets\\\/images\\\/placeholder.png\",\"datePublished\":\"2022-06-04T03:29:45+00:00\",\"dateModified\":\"2025-01-21T15:57:42+00:00\",\"breadcrumb\":{\"@id\":\"https:\\\/\\\/bloneca.com\\\/index.php\\\/gallery-version-01\\\/#breadcrumb\"},\"inLanguage\":\"es\",\"potentialAction\":[{\"@type\":\"ReadAction\",\"target\":[\"https:\\\/\\\/bloneca.com\\\/index.php\\\/gallery-version-01\\\/\"]}]},{\"@type\":\"ImageObject\",\"inLanguage\":\"es\",\"@id\":\"https:\\\/\\\/bloneca.com\\\/index.php\\\/gallery-version-01\\\/#primaryimage\",\"url\":\"https:\\\/\\\/bloneca.com\\\/wp-content\\\/plugins\\\/elementor\\\/assets\\\/images\\\/placeholder.png\",\"contentUrl\":\"https:\\\/\\\/bloneca.com\\\/wp-content\\\/plugins\\\/elementor\\\/assets\\\/images\\\/placeholder.png\"},{\"@type\":\"BreadcrumbList\",\"@id\":\"https:\\\/\\\/bloneca.com\\\/index.php\\\/gallery-version-01\\\/#breadcrumb\",\"itemListElement\":[{\"@type\":\"ListItem\",\"position\":1,\"name\":\"Portada\",\"item\":\"https:\\\/\\\/bloneca.com\\\/\"},{\"@type\":\"ListItem\",\"position\":2,\"name\":\"Ventajas\"}]},{\"@type\":\"WebSite\",\"@id\":\"https:\\\/\\\/bloneca.com\\\/#website\",\"url\":\"https:\\\/\\\/bloneca.com\\\/\",\"name\":\"Bloneca\",\"description\":\"Adoquines para sus pisos\",\"publisher\":{\"@id\":\"https:\\\/\\\/bloneca.com\\\/#organization\"},\"potentialAction\":[{\"@type\":\"SearchAction\",\"target\":{\"@type\":\"EntryPoint\",\"urlTemplate\":\"https:\\\/\\\/bloneca.com\\\/?s={search_term_string}\"},\"query-input\":{\"@type\":\"PropertyValueSpecification\",\"valueRequired\":true,\"valueName\":\"search_term_string\"}}],\"inLanguage\":\"es\"},{\"@type\":\"Organization\",\"@id\":\"https:\\\/\\\/bloneca.com\\\/#organization\",\"name\":\"Bloneca\",\"url\":\"https:\\\/\\\/bloneca.com\\\/\",\"logo\":{\"@type\":\"ImageObject\",\"inLanguage\":\"es\",\"@id\":\"https:\\\/\\\/bloneca.com\\\/#\\\/schema\\\/logo\\\/image\\\/\",\"url\":\"https:\\\/\\\/bloneca.com\\\/wp-content\\\/uploads\\\/cropped-bloneca-logo-09-scaled-1.jpg\",\"contentUrl\":\"https:\\\/\\\/bloneca.com\\\/wp-content\\\/uploads\\\/cropped-bloneca-logo-09-scaled-1.jpg\",\"width\":2560,\"height\":1712,\"caption\":\"Bloneca\"},\"image\":{\"@id\":\"https:\\\/\\\/bloneca.com\\\/#\\\/schema\\\/logo\\\/image\\\/\"}}]}<\/script>\n<!-- \/ Yoast SEO plugin. -->","yoast_head_json":{"title":"Ventajas - Bloneca","robots":{"index":"index","follow":"follow","max-snippet":"max-snippet:-1","max-image-preview":"max-image-preview:large","max-video-preview":"max-video-preview:-1"},"canonical":"https:\/\/bloneca.com\/index.php\/gallery-version-01\/","og_locale":"es_ES","og_type":"article","og_title":"Ventajas - Bloneca","og_description":"SHOW MORE Porque usar Adoquines frente a otros revestimientos? Porque usar Adoquines ante otros revestimientos? Durabilidad: Los adoquines son extremadamente duraderos y pueden resistir cargas pesadas, lo que los hace ideal \u00a0para calles y zonas de alto tr\u00e1nsito. Bloneca\u00a0 ofrece garant\u00eda en todos sus productos para que trabajes tranquilo! Mantenimiento sencillo: En caso da\u00f1o, los [&hellip;]","og_url":"https:\/\/bloneca.com\/index.php\/gallery-version-01\/","og_site_name":"Bloneca","article_modified_time":"2025-01-21T15:57:42+00:00","og_image":[{"url":"https:\/\/bloneca.com\/wp-content\/plugins\/elementor\/assets\/images\/placeholder.png","type":"","width":"","height":""}],"twitter_card":"summary_large_image","twitter_misc":{"Tiempo estimado de lectura":"2 minutos"},"schema":{"@context":"https:\/\/schema.org","@graph":[{"@type":"WebPage","@id":"https:\/\/bloneca.com\/index.php\/gallery-version-01\/","url":"https:\/\/bloneca.com\/index.php\/gallery-version-01\/","name":"Ventajas - Bloneca","isPartOf":{"@id":"https:\/\/bloneca.com\/#website"},"primaryImageOfPage":{"@id":"https:\/\/bloneca.com\/index.php\/gallery-version-01\/#primaryimage"},"image":{"@id":"https:\/\/bloneca.com\/index.php\/gallery-version-01\/#primaryimage"},"thumbnailUrl":"https:\/\/bloneca.com\/wp-content\/plugins\/elementor\/assets\/images\/placeholder.png","datePublished":"2022-06-04T03:29:45+00:00","dateModified":"2025-01-21T15:57:42+00:00","breadcrumb":{"@id":"https:\/\/bloneca.com\/index.php\/gallery-version-01\/#breadcrumb"},"inLanguage":"es","potentialAction":[{"@type":"ReadAction","target":["https:\/\/bloneca.com\/index.php\/gallery-version-01\/"]}]},{"@type":"ImageObject","inLanguage":"es","@id":"https:\/\/bloneca.com\/index.php\/gallery-version-01\/#primaryimage","url":"https:\/\/bloneca.com\/wp-content\/plugins\/elementor\/assets\/images\/placeholder.png","contentUrl":"https:\/\/bloneca.com\/wp-content\/plugins\/elementor\/assets\/images\/placeholder.png"},{"@type":"BreadcrumbList","@id":"https:\/\/bloneca.com\/index.php\/gallery-version-01\/#breadcrumb","itemListElement":[{"@type":"ListItem","position":1,"name":"Portada","item":"https:\/\/bloneca.com\/"},{"@type":"ListItem","position":2,"name":"Ventajas"}]},{"@type":"WebSite","@id":"https:\/\/bloneca.com\/#website","url":"https:\/\/bloneca.com\/","name":"Bloneca","description":"Adoquines para sus pisos","publisher":{"@id":"https:\/\/bloneca.com\/#organization"},"potentialAction":[{"@type":"SearchAction","target":{"@type":"EntryPoint","urlTemplate":"https:\/\/bloneca.com\/?s={search_term_string}"},"query-input":{"@type":"PropertyValueSpecification","valueRequired":true,"valueName":"search_term_string"}}],"inLanguage":"es"},{"@type":"Organization","@id":"https:\/\/bloneca.com\/#organization","name":"Bloneca","url":"https:\/\/bloneca.com\/","logo":{"@type":"ImageObject","inLanguage":"es","@id":"https:\/\/bloneca.com\/#\/schema\/logo\/image\/","url":"https:\/\/bloneca.com\/wp-content\/uploads\/cropped-bloneca-logo-09-scaled-1.jpg","contentUrl":"https:\/\/bloneca.com\/wp-content\/uploads\/cropped-bloneca-logo-09-scaled-1.jpg","width":2560,"height":1712,"caption":"Bloneca"},"image":{"@id":"https:\/\/bloneca.com\/#\/schema\/logo\/image\/"}}]}},"_links":{"self":[{"href":"https:\/\/bloneca.com\/index.php\/wp-json\/wp\/v2\/pages\/38","targetHints":{"allow":["GET"]}}],"collection":[{"href":"https:\/\/bloneca.com\/index.php\/wp-json\/wp\/v2\/pages"}],"about":[{"href":"https:\/\/bloneca.com\/index.php\/wp-json\/wp\/v2\/types\/page"}],"author":[{"embeddable":true,"href":"https:\/\/bloneca.com\/index.php\/wp-json\/wp\/v2\/users\/1"}],"replies":[{"embeddable":true,"href":"https:\/\/bloneca.com\/index.php\/wp-json\/wp\/v2\/comments?post=38"}],"version-history":[{"count":9,"href":"https:\/\/bloneca.com\/index.php\/wp-json\/wp\/v2\/pages\/38\/revisions"}],"predecessor-version":[{"id":11878,"href":"https:\/\/bloneca.com\/index.php\/wp-json\/wp\/v2\/pages\/38\/revisions\/11878"}],"wp:attachment":[{"href":"https:\/\/bloneca.com\/index.php\/wp-json\/wp\/v2\/media?parent=38"}],"curies":[{"name":"wp","href":"https:\/\/api.w.org\/{rel}","templated":true}]}}